bb7a
Convert 10002200120022 (base 3) to base 2.
110010010001001111000
34022103 (base 5) to base 15
5d638
Convert 569833 (base 11) to base 7.
10462434
-21121231320 (base 4) to base 9
-4565750
Convert -153021 (base 15) to base 8.
-3715300
What is 133031310 (base 4) in base 7?
1041525
-25675 (base 10) to base 14
-94dd
1215885 (base 9) to base 6
22053422
What is 22010100201012 (base 3) in base 15?
5a448b
Convert -127ba6 (base 15) to base 6.
-31001533
-6954444 (base 10) to base 5
-3240020234
Convert -1111313221 (base 4) to base 12.
-14b661
5257561 (base 8) to base 12
576701
Convert 32112302102 (base 4) to base 2.
1110010110110010010010
What is -6157632 (base 8) in base 14?
-3060c2
Convert -44e2 (base 15) to base 5.
-431422
What is -1214104420 (base 5) in base 9?
-5366784
What is -24b71 (base 15) in base 6?
-2303111
13013071 (base 8) to base 15
3c1133
What is -496a6a (base 12) in base 2?
-100100011011101110010
What is 1002212002212 (base 3) in base 7?
4665161
Convert 11130113031 (base 4) to base 6.
50325553
What is -11100010001100011010011 (base 2) in base 5?
-3344140143
Convert 31103313022 (base 4) to base 16.
353dca
98915a (base 16) to base 12
3422336
13332031 (base 5) to base 3
20221021011
What is -30d8a (base 15) in base 8?
-456462
574c4 (base 16) to base 2
1010111010011000100
Convert 5cc051 (base 13) to base 11.
1290168
-1322222120 (base 4) to base 8
-1725230
Convert 150a671 (base 12) to base 13.
b5993c
What is 236431122 (base 7) in base 8?
70305044
What is 8623d (base 15) in base 3?
210122000211
What is 3560252 (base 8) in base 5?
222200033
-100031320 (base 4) to base 14
-1a2c8
10001100011001101011110 (base 2) to base 14
87a8b4
341811 (base 9) to base 2
110001111111101010
Convert 53251413 (base 6) to base 7.
16164036
What is -63905 (base 11) in base 10?
-92933
What is -189006 (base 11) in base 13?
-a20c4
a6bb6 (base 13) to base 7
2361653
25067541 (base 8) to base 15
744877
What is 100001100001001000 (base 2) in base 9?
228282
Convert -114140 (base 7) to base 3.
-1001100002
What is -43014234 (base 6) in base 10?
-1261966
1002102012021 (base 3) to base 13
1736b0
Convert -10000010110110111000 (base 2) to base 10.
-535992
Convert -10102302110 (base 4) to base 10.
-1125524
Convert 13444333 (base 5) to base 3.
21010212011
1200435312 (base 6) to base 4
303121111130
What is -11101010010110010110111 (base 2) in base 13?
-178b3a7
Convert 310a603 (base 12) to base 16.
8cc2e3
Convert 11100001100100011 (base 2) to base 5.
12143431
What is -1010321320 (base 4) in base 14?
-74bd6
What is 11100100001000111 (base 2) in base 16?
1c847
What is -b1785 (base 13) in base 10?
-317660
What is -550965 (base 10) in base 7?
-4453212
12122200112 (base 3) to base 15
22ea8
Convert -1344412 (base 6) to base 12.
-38108
Convert -a292aa (base 12) to base 8.
-11554142
Convert 29c6454 (base 13) to base 15.
128b1c9
Convert -49946 (base 13) to base 7.
-1103216
-42abd (base 15) to base 8
-635336
b2923 (base 14) to base 2
1101000111100100011
-447243 (base 9) to base 10
-267744
Convert 83570 (base 9) to base 13.
1c13a
3210504 (base 8) to base 16
d1144
Convert 402773 (base 8) to base 15.
29453
-100100101100011110 (base 2) to base 5
-14302202
What is 1031011130 (base 5) in base 7?
24506260
Convert 221122211101 (base 3) to base 15.
9e9b7
-104430133 (base 5) to base 15
-937e8
-14305 (base 12) to base 14
-a341
Convert -6cc9be (base 15) to base 4.
-103313012312
Convert 5263403 (base 7) to base 11.
3a5a5a
11001001110111010001100 (base 2) to base 10
6614668
-3437679 (base 11) to base 3
-102022111012110
What is -48967 (base 15) in base 4?
-320203012
What is -1010001100000100000111 (base 2) in base 12?
-a89773
What is -2434422 (base 7) in base 11?
-1a2992
Convert -221002011211102 (base 3) to base 5.
-11403011122
-572649 (base 12) to base 7
-14563143
What is 13a09 (base 15) in base 12?
30569
1350604 (base 8) to base 7
3145465
Convert -19a649 (base 11) to base 8.
-1127335
-1011111110011000010 (base 2) to base 9
-657224
-3042443 (base 7) to base 13
-c958a
What is -1312202 (base 4) in base 8?
-16642
Convert -2343231 (base 6) to base 5.
-12410223
30300230 (base 4) to base 6
1041552
-7773222 (base 9) to base 6
-225343502
Convert 564221 (base 7) to base 9.
162058
Convert -312831 (base 9) to base 2.
-101101010111110010
-323600 (base 12) to base 9
-1440160
What is -115255000 (base 7) in base 8?
-33435163
Convert -13320010 (base 4) to base 15.
-985a
What is -934c6 (base 15) in base 3?
-212201101020
What is -30333302131 (base 4) in base 9?
-6362471
What is 40c44 (base 13) in base 2?
11100011001101000
What is -21201122102 (base 3) in base 8?
-451046
What is c122 (base 15) in base 6?
512405
-12643647 (base 8) to base 4
-22310132213
Convert 8075622 (base 9) to base 12.
1535432
23021231120 (base 4) to base 10
2923352
32030101 (base 4) to base 13
205c6
-100101010011000000 (base 2) to base 12
-744a8
-212222012021220 (base 3) to base 10
-12738759
What is -20a8bd (base 14) in base 13?
-2c8b55
Convert -1921b (base 13) to base 6.
-1013240
Convert -10010100110110011 (base 2) to base 9.
-125478
10000011112 (base 3) to base 7
334340
What is 11101110010100000011 (base 2) in base 7?
11203602
-11000101111111011101000 (base 2) to base 10
-6487784
Convert 9b996 (base 13) to base 7.
2255444
a5d5b (base 15) to base 9
881645
What is 180165 (base 12) in base 15?
82e2b
Convert -1cc33 (base 16) to base 14.
-30d11
Convert -77492a (base 14) to base 15.
-54de3d
Convert 610a2 (base 12) to base 6.
2412322
What is -11142121240 (base 5) in base 9?
-25386663
Convert -23202002 (base 8) to base 13.
-1079489
Convert 12020221110 (base 3) to base 13.
38139
What is 112011320 (base 4) in base 2?
10110000101111000
2a90281 (base 11) to base 8
24123544
What is 1a53a3 (base 12) in base 3?
212122101120
Convert 279a97 (base 15) to base 8.
7212344
Convert 10000110111111110 (base 2) to base 7.
405340
7432974 (base 10) to base 9
14878110
-320142304 (base 5) to base 4
-11011230333
Convert -2251126 (base 7) to base 9.
-467817
Convert -2362651 (base 7) to base 5.
-34114031
-9f00 (base 16) to base 5
-2300304
What is 1da001 (base 15) in base 16?
1624f3
What is -33866 (base 11) in base 15?
-e78b
-21cbcc (base 15) to base 9
-3026883
-502404 (base 6) to base 11
-27713
Convert 40643606 (base 7) to base 16.
33f87b
-1010001011111011100111 (base 2) to base 4
-22023323213
Convert 10727667 (base 8) to base 7.
25610331
What is 1010000110100110010 (base 2) in base 12?
13b702
Convert -1608ef (base 16) to base 4.
-11200203233
1397329 (base 10) to base 5
324203304
221000211021122 (base 3) to base 9
27024248
-224e7a (base 16) to base 10
-2248314
What is -232132334 (base 6) in base 9?
-8080684
What is 233612 (base 11) in base 6?
11540245
What is 1110110000000100101011 (base 2) in base 8?
16600453
What is -34630 (base 10) in base 13?
-129bb
What is -1202332201 (base 4) in base 16?
-62fa1
64323 (base 7) to base 16
3e46
Convert -cbdb5 (base 15) to base 13.
-198a88
Convert -2b085 (base 14) to base 16.
-1a27d
-2242052 (base 8) to base 15
-bedee
What is -4576251 (base 10) in base 2?
-10001011101001111111011
Convert -8771b4 (base 15) to base 3.
-110010212101121
What is -59795 (base 13) in base 10?
-163883
Convert 576616 (base 12) to base 6.
50004030
Convert 212dd3 (base 16) to base 6.
114334431
What is 10641851 (base 9) in base 3?
100201101221201
What is 3376172 (base 8) in base 16?
dfc7a
What is 58d85e (base 16) in base 7?
100330250
18b90 (base 14) to base 3
10011221101
-9104025 (base 10) to base 2
-100010101110101010011001
Convert -22100112112 (base 3) to base 5.
-20230132
What is -1cac0 (base 13) in base 14?
-16991
What is 6bb9a2 (base 13) in base 11?
14a4208
525aa (base 11) to base 7
436205
134220133 (base 5) to base 8
2515403
Convert -177075 (base 16) to base 5.
-343123432
12110011001112 (base 3) to base 10
2896358
What is 1111101100011000110100 (base 2) in base 9?
7660270
What is -3550540 (base 6) in base 3?
-100102111120
21101201111 (base 3) to base 6
3042021
Convert -1031303301 (base 4) to base 5.
-40144310
Convert -823436 (base 9) to base 2.
-1110111001001111010
1103102202 (base 4) to base 2
1010011010010100010
Convert 2200203224 (base 5) to base 14.
8a29d3
What is c21 (base 16) in base 14?
11bb
What is 1201311112 (base 4) in base 12?
173a9a
Convert -202140 (base 1